*l(u). Calculate g(0).
8
Let n(b) be the second derivative of b**3/3 - 2*b**2 - 5*b. Let i(y) be the second derivative of y**3/2 - 7*y**2/2 + 4*y. Let k(t) = 3*i(t) - 5*n(t). Give k(1).
-2
Suppose -5*k + 34 = 9. Let n(x) = 5*x**2 + 5*x - 11. Let t(h) = -4*h**2 - 5*h + 10. Let o(c) = 5*n(c) + 6*t(c). Determine o(k).
5
Let h(a) = -3*a. Let b(t) = -16*t. Let o(k) = 3*b(k) - 15*h(k). Let u = 1 + 2. Calculate o(u).
-9
Let t(i) = -8*i + 5*i**2 - 10*i**2 + 5*i**3 - 4*i**3. What is t(6)?
-12
Let z = -21 - -13. Let d = z + 12. Let c(y) = y**2 - y + 1. Let k(v) = 4*v**2 + 2. Let m(l) = -5*c(l) + k(l). What is m(d)?
1
Let f(d) = -5*d**3 + 5*d - 5 + d**2 + 2 + 4*d**3. Calculate f(3).
-6
Let o(f) be the third derivative of -f**4/4 - 15*f**2. Determine o(1).
-6
Suppose -2*w + 4 = 6. Let s(u) = -u**2 - 2*u - 1. What is s(w)?
0
Let o(g) be the second derivative of g**4/4 + 2*g**3/3 + g**2 + g. Let t be ((-63)/18)/(1/2). Let m = -9 - t. Calculate o(m).
6
Let v = 1 - 0. Let b = 1 + 1. Let n(o) = -3*o + 6*o**b + 2*o + 0 + 1. Determine n(v).
6
Let a(q) = 25*q - 12. Let d = 7 + -9. Let h(m) = -6*m + 3. Let t(j) = d*a(j) - 9*h(j). What is t(3)?
9
Let u(t) = -t**3 + 5*t**2 - t + 2. Let v be 4/(1 - -7)*10. Determine u(v).
-3
Let h(a) = -a**3 + 3*a**2 + 4*a + 4. Suppose -3*b - 6 = 0, -2*q + 7 = -4*b - 3. Suppose -p = -q - 3. What is h(p)?
4
Suppose 2*x = -5*w + 11, -4*x + 14 = 5*w - 3*w. Let v(o) = 3 - 2 + 0 + 9*o**3. What is v(w)?
10
Let w(n) be the second derivative of n**5/20 + n**2 + 33*n - 1. Calculate w(-2).
-6
Let b(k) = k**2 - 7*k - 13. Let u = 81 - 72. Determine b(u).
5
Let s(u) = -3*u**2 + 16*u + u**3 + 5*u - 17*u. Determine s(3).
12
Let t(b) = b**2 - b + 2. Let w be t(0). Let j(x) = x - 7 + 2 + x**w + 4*x. Suppose 0 = -p + 4*h + 11, -2*p = 3*p + 5*h + 45. Give j(p).
-5
Let y be (3 + -1 + 1)*(-1 + 3). Let o(k) be the first derivative of -k**2/2 + 8*k + 3. What is o(y)?
2
Let c(w) = 1. Let q(v) = -v**2 - 3*v - 3. Let b(m) = -c(m) + q(m). What is b(-4)?
-8
Let u(y) = -3*y - 17. Let v(c) = -7*c - 35. Let k(a) = -9*u(a) + 4*v(a). Determine k(7).
6
Suppose -7*o + 5*o = 10. Let g(i) = i**3 + 4*i**2 - 4*i + 1. Calculate g(o).
-4
Let f(k) = k**2 - 2*k + 3. Let m be f(2). Suppose 2*c + 3*x + 14 = 0, 2*c - 15 = 5*c + m*x. Let d(t) = 10*t**3 - t - 1. Calculate d(c).
-10
Let t(v) = -3*v**3 + 5*v**2 + 4*v + 3. Let j(d) = 4*d**3 - 5*d**2 - 4*d - 3. Let a(w) = 2*j(w) + 3*t(w). Calculate a(6).
-9
Suppose 0 = k - 6*k - 30. Let o(y) = y**3 + 6*y**2 - 2*y - 8. What is o(k)?
4
Let l(a) = -3*a + 12. Let c(p) = -2. Let u(s) = 4*c(s) + l(s). Determine u(3).
-5
Let x be ((-14)/4)/(3/6) - -1. Let g(i) be the third derivative of -i**4/24 - 7*i**3/6 - 3*i**2. Determine g(x).
-1
Let o(q) be the second derivative of 1/24*q**5 + 4*q - 1/8*q**4 - 2/3*q**3 + 0 - 1/360*q**6 + 0*q**2. Let f(t) be the second derivative of o(t). Give f(4).
1
Let r be (-3 + 1)*(-7 - -5). Suppose 2*z + s - 4*s = -7, s = -r*z + 7. Let a(d) = d**2 + d - 1. What is a(z)?
1
Let b(p) = -p**2 - 12*p. Suppose 6*l = 4*l - 22. Calculate b(l).
11
Let o(f) = -7*f**3 + 2*f + 1. Let h be 1 - 5*(-6)/(-15). Let j be o(h). Let z(a) = 2*a. Let p(i) = -i. Let c(x) = 5*p(x) + 2*z(x). Determine c(j).
-6
Let y = -4 + 2. Let r = y + 4. Suppose -r = -f - 1. Let x(l) = 5*l**3 - l**2. Calculate x(f).
4
Let r(m) = 3*m**2 - 5*m - 2*m**2 - 2 + 0. Calculate r(4).
-6
Let i = -5 + 0. Let b(t) = -4*t**2 + 2*t**3 - 3*t**3 + 1 + 7*t + 2. Calculate b(i).
-7
Let b(r) be the first derivative of r**3/3 + 3*r**2/2 + 6*r + 5. Determine b(-4).
10
Let t(m) be the third derivative of 1/6*m**3 + 0*m + 0 - 7/24*m**4 - 3*m**2. Determine t(-1).
8
Let a(u) = -u**2 + u + 1. Let g(x) = -10*x**2 + 8*x + 11. Let v(n) = -22*a(n) + 2*g(n). Let q(d) = d**2 - 3*d. Let s(m) = 10*q(m) - 4*v(m). Calculate s(4).
8
Let k = 19 - 12. Let v(q) = 0*q - q**2 + 2*q - k*q. Give v(-5).
0
Let i = -3 - -3. Let z = i + 3. Let s(o) = 14*o**3 - 5*o**2 - 13*o**3 + 3 + 2*o + 0. Calculate s(z).
-9
Let h(q) = q**2 + q - 6. Let a be h(5). Suppose -10 = -2*k + 4*c, -4*k + 0*c = 3*c + a. Let t(v) = 3*v - 4 - 8*v - v**2 + 2. What is t(k)?
4
Let c(s) be the third derivative of s**4/24 - 3*s**3/2 + 5*s**2. Let z be c(13). Let q(a) = a**2 - 4*a + 4. Calculate q(z).
4
Let t(m) = 4*m**2 + 6*m - m - 5 - m**3 - 8*m**2. Suppose -4*n - 3*s = 23, -n + 3*s = 1 + 1. Calculate t(n).
-5
Let o(j) = j**2 + 8*j + 6. Suppose q + 27 = 5*z, z = 3*z + 5*q. Suppose 3*s + 7 = -5*y - 9, y + 20 = z*s. What is o(y)?
-9
Let m(g) = -g**3 - 3*g**2 + 3*g + 4. Let s = -20 + 17. Give m(s).
-5
Let n(k) = k**2 + k - 4. Let w be n(-3). Let j(h) = 2*h + 5 - h**w - 9*h + h. What is j(-7)?
-2
Let d(u) = -u - 1. Suppose 5*x - 3 = -8. Give d(x).
0
Let q(v) = 2*v - 1. Let d be (-2)/10*(-10)/2. Let f(y) = 0 - d + 2*y + y. Let j(c) = 5*f(c) - 7*q(c). Determine j(-3).
-1
Let h(o) = 1 + 14*o + 14*o - 30*o. Give h(-3).
7
Let m(s) = -s**2 + 3*s - 1. Let x(j) = j - 2. Let k be x(4). Calculate m(k).
1
Suppose -1 = -n + 2. Suppose 0*m + m = t + 4, n*m - t - 12 = 0. Let i(u) = -u**3 + 3*u**2 + 4*u + 1. Give i(m).
1
Let n(x) be the third derivative of 5*x**4/24 - 30*x**2 + x. Suppose -2*c - 2*c + 4 = 0. Calculate n(c).
5
Let f be 0 - 2/(-6)*0. Let p be (-8)/(-2) - (f + 2). Let r(q) = -q**2 + 3*q - 3. Give r(p).
-1
Suppose 2*v - 9 = -3. Let s(x) be the third derivative of -1/24*x**4 + 2/3*x**3 - 3*x**2 + 0 + 0*x. Calculate s(v).
1
Let o(c) be the third derivative of 2*c**2 - 1/60*c**6 + 0*c**3 + 0*c**5 + 0*c + 0 - 1/24*c**4. Calculate o(-1).
3
Let q be (1*(-2 + 3))/1. Let g(c) = -2*c**2 + 2*c - 5. Let a(k) = -5*k**2 + 4*k - 9. Let j(w) = 4*a(w) - 7*g(w). Determine j(q).
-5
Let g = 7 + -3. Let z be 2 - 1 - (0 - 1). Let u(c) = z*c + c**2 + 10*c - 7*c - g. Determine u(-5).
-4
Let y(u) = -u**2 + 2*u. Let s be y(0). Let n(v) = -v + 1. Give n(s).
1
Let j(d) be the first derivative of -2*d**2 + 6*d**2 - 3*d**2 + 3. Let t = -3 + 7. What is j(t)?
8
Let g(r) = r**2 + 17 + r + 16 - 33. Let v = 0 + 1. Determine g(v).
2
Let z(b) be the second derivative of b**4/12 - 4*b**3/3 + 3*b**2/2 + 5*b. What is z(5)?
-12
Let n(x) = x**2 - 3*x - 4. Let f = 78 + 102. Let m be 1/(3*3/f). Suppose -m = -5*w - 3*p, -5*w - p - 7 + 27 = 0. Give n(w).
0
Let x(a) be the first derivative of -a**2 - 9*a + 8. Give x(-7).
5
Let y(i) = i**2 + 9*i. Let t be y(-9). Suppose t*a - 5*a + 20 = 0. Let o(r) = -r**2 + 4*r + 5. What is o(a)?
5
Let d(x) = -2*x**2 - 3*x + 1. Let b(t) be the second derivative of t**3/6 + 3*t**2/2 + t. Let h be b(7). Suppose h = -4*q - 2. What is d(q)?
-8
Suppose 0 = 2*i - 22 + 12. Suppose -3*x = i*q, 0*q - 4*q - 27 = -3*x. Let h(f) = f**2 - 3*f - 2. Determine h(x).
8
Let r(o) be the second derivative of o**8/6720 - o**7/1260 - o**6/720 - o**5/60 - o**4/4 - o. Let z(n) be the third derivative of r(n). Calculate z(3).
4
Let t(d) = 10 + d + d**3 + 0*d - 2*d**3. Let h(x) = x**2 + 7*x - 8. Let q be h(-8). Determine t(q).
10
Let u(l) be the third derivative of l**5/60 - l**4/4 + 2*l**3/3 + 6*l**2. Calculate u(6).
4
Let m(v) = -v - 1. Let z(u) = -8*u - 11. Let x(w) = -6*m(w) + z(w). What is x(-5)?
5
Let y(q) be the third derivative of -q**6/120 - q**5/30 - q**4/8 - 10*q**2. Suppose -3*s = 5*b + 25, -2*s - 28 = 4*b + 2*s. Calculate y(b).
6
Let b(g) be the third derivative of -g**6/120 - g**5/60 + g**4/24 - g**3/3 - 3*g**2. Give b(0).
-2
Let b(m) = 8*m**3 - m**2 + 1. Let i be (-3)/2*8/(-6). Let v(h) = 3*h**2 + 0 - i*h**2 + 0. Let d be v(-1). Determine b(d).
8
Let c(o) = -o - 1. Let m(b) = -b**2 - 10*b - 10. Let w(d) = 5*c(d) - m(d). Let q(a) = a - 4. Let i be q(5). Let r be 3 - (11 + (-3)/i). Give w(r).
5
Let y(d) = -d + 4. Let i = -5 - -10. Let o be y(i). Let h(x) be the third derivative of -x**5/15 - x**4/24 + x**2. What is h(o)?
-3
Suppose 2*l = -0 - 10. Let r(a) = -7*a - 6. Let y(u) = -8*u - 7. Let k(x) = l*y(x) + 6*r(x). Suppose -5*p + 0*p = 4*d + 2, -4*d + 5*p - 22 = 0. Determine k(d).
5
Suppose 2*a - 16 = -4*h, 0 = 2*a + a - 2*h. Let o(w) = 4*w**a - 5*w**2 + w**2 - 3*w**3 + w - 2*w**2. Calculate o(1).
-4
Suppose 2*a = 5*f - 16, -2*f - 3*a = 2 + 3. Suppose 6 + f = 2*p. Let m(l) = -l**3 + 5*l**2 - 3*l + 5. Give m(p).
9
Let m(d) = -d**3 - 3*d**2 + 1. Suppose -3*c = -c. Let i = 4 + c. Let k = i + -7. Calculate m(k).
1
Let d(z) = -z**3 + 3*z**2. Let h be (4/3)/((-